{"id":217,"date":"2020-05-12T03:43:03","date_gmt":"2020-05-12T03:43:03","guid":{"rendered":"http:\/\/myrtilfavre.com\/index.php\/home\/"},"modified":"2025-11-24T13:47:51","modified_gmt":"2025-11-24T13:47:51","slug":"home","status":"publish","type":"page","link":"https:\/\/myrtilfavre.com\/","title":{"rendered":"Accueil"},"content":{"rendered":"\n<div class=\"wp-block-group alignfull has-white-background-color has-background\"><div class=\"wp-block-group__inner-container is-layout-flow wp-block-group-is-layout-flow\">\n<div class=\"wp-block-columns are-vertically-aligned-center is-layout-flex wp-container-core-columns-is-layout-9d6595d7 wp-block-columns-is-layout-flex\">\n<div class=\"wp-block-column is-vertically-aligned-center is-layout-flow wp-block-column-is-layout-flow\">\n<div class=\"wp-block-buttons is-layout-flex wp-block-buttons-is-layout-flex\"><\/div>\n<\/div>\n\n\n\n<div class=\"wp-block-column is-vertically-aligned-center is-layout-flow wp-block-column-is-layout-flow\"><\/div>\n<\/div>\n\n\n\n<div class=\"wp-block-media-text is-stacked-on-mobile\"><figure class=\"wp-block-media-text__media\"><a href=\"https:\/\/www.arttherapiemyrtilfavre.fr\/\"><img loading=\"lazy\" decoding=\"async\" width=\"1024\" height=\"1024\" src=\"http:\/\/myrtilfavre.com\/wp-content\/uploads\/2025\/11\/IMG_0156-1024x1024.jpg\" alt=\"\" class=\"wp-image-928 size-full\" srcset=\"https:\/\/myrtilfavre.com\/wp-content\/uploads\/2025\/11\/IMG_0156-1024x1024.jpg 1024w, https:\/\/myrtilfavre.com\/wp-content\/uploads\/2025\/11\/IMG_0156-300x300.jpg 300w, https:\/\/myrtilfavre.com\/wp-content\/uploads\/2025\/11\/IMG_0156-150x150.jpg 150w, https:\/\/myrtilfavre.com\/wp-content\/uploads\/2025\/11\/IMG_0156-768x769.jpg 768w, https:\/\/myrtilfavre.com\/wp-content\/uploads\/2025\/11\/IMG_0156-1536x1536.jpg 1536w, https:\/\/myrtilfavre.com\/wp-content\/uploads\/2025\/11\/IMG_0156-2046x2048.jpg 2046w\" sizes=\"auto, (max-width: 1024px) 100vw, 1024px\" \/><\/a><\/figure><div class=\"wp-block-media-text__content\">\n<p><strong>L&#8217;art-th\u00e9rapie<\/strong><\/p>\n\n\n\n<blockquote class=\"wp-block-quote is-layout-flow wp-block-quote-is-layout-flow\">\n<p><em>&#8220;L&#8217;art est une blessure qui devient lumi\u00e8re.&#8221;<\/em><strong> Georges Braque<\/strong><\/p>\n<\/blockquote>\n<\/div><\/div>\n\n\n\n<div class=\"wp-block-media-text is-stacked-on-mobile\"><figure class=\"wp-block-media-text__media\"><a href=\"https:\/\/myrtilfavre.com\/index.php\/les-ateliers\/\"><img loading=\"lazy\" decoding=\"async\" width=\"1024\" height=\"997\" src=\"http:\/\/myrtilfavre.com\/wp-content\/uploads\/2025\/11\/IMG_9739-1024x997.jpg\" alt=\"\" class=\"wp-image-925 size-full\" srcset=\"https:\/\/myrtilfavre.com\/wp-content\/uploads\/2025\/11\/IMG_9739-1024x997.jpg 1024w, https:\/\/myrtilfavre.com\/wp-content\/uploads\/2025\/11\/IMG_9739-300x292.jpg 300w, https:\/\/myrtilfavre.com\/wp-content\/uploads\/2025\/11\/IMG_9739-768x748.jpg 768w, https:\/\/myrtilfavre.com\/wp-content\/uploads\/2025\/11\/IMG_9739-1536x1496.jpg 1536w, https:\/\/myrtilfavre.com\/wp-content\/uploads\/2025\/11\/IMG_9739-2048x1994.jpg 2048w\" sizes=\"auto, (max-width: 1024px) 100vw, 1024px\" \/><\/a><\/figure><div class=\"wp-block-media-text__content\">\n<p><strong>Les ateliers d&#8217;arts<\/strong><\/p>\n\n\n\n<blockquote class=\"wp-block-quote is-layout-flow wp-block-quote-is-layout-flow\">\n<p><em>Il existe en chacun de nous un potentiel de cr\u00e9ation qui ne demande qu\u2019\u00e0 se d\u00e9velopper \u00e0 condition de lui en donner les moyens.\u201d\u00a0<strong>Carl Rogers<\/strong><\/em><\/p>\n<\/blockquote>\n<\/div><\/div>\n<\/div><\/div>\n\n\n\n<div class=\"wp-block-cover alignfull is-light\" style=\"min-height:319px;aspect-ratio:unset;\"><img loading=\"lazy\" decoding=\"async\" width=\"1354\" height=\"1337\" class=\"wp-block-cover__image-background wp-image-660\" alt=\"\" src=\"http:\/\/myrtilfavre.com\/wp-content\/uploads\/2021\/09\/IMG_3125-3.jpg\" style=\"object-position:66% 26%\" data-object-fit=\"cover\" data-object-position=\"66% 26%\" srcset=\"https:\/\/myrtilfavre.com\/wp-content\/uploads\/2021\/09\/IMG_3125-3.jpg 1354w, https:\/\/myrtilfavre.com\/wp-content\/uploads\/2021\/09\/IMG_3125-3-300x296.jpg 300w, https:\/\/myrtilfavre.com\/wp-content\/uploads\/2021\/09\/IMG_3125-3-1024x1011.jpg 1024w, https:\/\/myrtilfavre.com\/wp-content\/uploads\/2021\/09\/IMG_3125-3-768x758.jpg 768w\" sizes=\"auto, (max-width: 1354px) 100vw, 1354px\" \/><span aria-hidden=\"true\" class=\"wp-block-cover__background has-ast-global-color-1-background-color has-background-dim-10 has-background-dim\"><\/span><div class=\"wp-block-cover__inner-container is-layout-flow wp-block-cover-is-layout-flow\">\n<h3 class=\"wp-block-heading has-text-align-center has-white-color has-text-color\">Bienvenue<\/h3>\n\n\n\n<h1 class=\"wp-block-heading has-text-align-center has-white-color has-text-color\">Cr\u00e9ations<\/h1>\n\n\n\n<div class=\"wp-block-buttons is-horizontal is-content-justification-center is-layout-flex wp-container-core-buttons-is-layout-499968f5 wp-block-buttons-is-layout-flex\">\n<div class=\"wp-block-button is-style-outline is-style-outline--1\"><a class=\"wp-block-button__link wp-element-button\" href=\"http:\/\/myrtilfavre.com\/index.php\/creations\/\" rel=\"#\">Voir<\/a><\/div>\n<\/div>\n\n\n\n<p class=\"has-text-align-center has-white-color has-text-color\">D\u00e9couvrez mes \u0153uvres et mon processus de cr\u00e9ation.<\/p>\n<\/div><\/div>\n\n\n\n<div class=\"wp-block-group alignfull has-white-background-color has-background\"><div class=\"wp-block-group__inner-container is-layout-flow wp-block-group-is-layout-flow\">\n<div class=\"wp-block-columns is-layout-flex wp-container-core-columns-is-layout-9d6595d7 wp-block-columns-is-layout-flex\">\n<div class=\"wp-block-column is-layout-flow wp-block-column-is-layout-flow\">\n<h2 class=\"wp-block-heading has-text-align-right\">Qui suis-je ?<\/h2>\n\n\n\n<figure class=\"wp-block-image size-large\"><img loading=\"lazy\" decoding=\"async\" width=\"1024\" height=\"768\" src=\"http:\/\/myrtilfavre.com\/wp-content\/uploads\/2025\/11\/IMG_20210918_092858-1024x768.jpg\" alt=\"\" class=\"wp-image-868\" srcset=\"https:\/\/myrtilfavre.com\/wp-content\/uploads\/2025\/11\/IMG_20210918_092858-1024x768.jpg 1024w, https:\/\/myrtilfavre.com\/wp-content\/uploads\/2025\/11\/IMG_20210918_092858-300x225.jpg 300w, https:\/\/myrtilfavre.com\/wp-content\/uploads\/2025\/11\/IMG_20210918_092858-768x576.jpg 768w, https:\/\/myrtilfavre.com\/wp-content\/uploads\/2025\/11\/IMG_20210918_092858-1536x1152.jpg 1536w, https:\/\/myrtilfavre.com\/wp-content\/uploads\/2025\/11\/IMG_20210918_092858-2048x1536.jpg 2048w, https:\/\/myrtilfavre.com\/wp-content\/uploads\/2025\/11\/IMG_20210918_092858-960x720.jpg 960w\" sizes=\"auto, (max-width: 1024px) 100vw, 1024px\" \/><\/figure>\n<\/div>\n\n\n\n<div class=\"wp-block-column is-layout-flow wp-block-column-is-layout-flow\">\n<p>Fabricante d&#8217;images, mon monde int\u00e9rieur s&#8217;exprime dans le vaste champ des arts plastiques: le dessin, la peinture, les techniques mixtes, le volume, le collage, ou la po\u00e9sie.<\/p>\n\n\n\n<p>Ces multiples moyens d\u2019expressions transportent dans un univers onirique, spontan\u00e9, parfois sombre, et toujours profond\u00e9ment optimiste.<\/p>\n\n\n\n<div class=\"wp-block-buttons is-layout-flex wp-block-buttons-is-layout-flex\">\n<div class=\"wp-block-button is-style-outline is-style-outline--2\"><a class=\"wp-block-button__link wp-element-button\" href=\"http:\/\/myrtilfavre.com\/index.php\/about\/\" rel=\"#\">Encore plus curieux&#8230;<\/a><\/div>\n<\/div>\n<\/div>\n<\/div>\n<\/div><\/div>\n\n\n\n<div class=\"wp-block-cover alignfull has-parallax is-repeated is-light is-style-default\" style=\"min-height:530px;aspect-ratio:unset;\"><div class=\"wp-block-cover__image-background wp-image-573 has-parallax is-repeated\" style=\"background-position:63% 29%;background-image:url(http:\/\/myrtilfavre.com\/wp-content\/uploads\/2021\/09\/IMG_3342-scaled.jpg)\"><\/div><span aria-hidden=\"true\" class=\"wp-block-cover__background has-secondary-background-color has-background-dim\"><\/span><div class=\"wp-block-cover__inner-container is-layout-flow wp-block-cover-is-layout-flow\">\n<h2 class=\"wp-block-heading has-text-align-center has-white-color has-text-color has-large-font-size\"><em>Vous souhaitez <\/em>\u00e9changer ?<\/h2>\n\n\n\n<p class=\"has-text-align-center\">Envoyez moi un message et je me ferai une joie de vous r\u00e9pondre.<\/p>\n\n\n\n<p class=\"has-text-align-center\">A bient\u00f4t.<\/p>\n\n\n\n<div class=\"wp-block-buttons is-horizontal is-content-justification-center is-layout-flex wp-container-core-buttons-is-layout-499968f5 wp-block-buttons-is-layout-flex\">\n<div class=\"wp-block-button is-style-outline is-style-outline--3\"><a class=\"wp-block-button__link wp-element-button\" href=\"http:\/\/myrtilfavre.com\/index.php\/contact\/\" rel=\"#\">Contact<\/a><\/div>\n<\/div>\n\n\n\n<p><\/p>\n<\/div><\/div>\n\n\n\n<div class=\"wp-block-media-text is-stacked-on-mobile\"><figure class=\"wp-block-media-text__media\"><a href=\"https:\/\/www.neztoiles.com\/\"><img loading=\"lazy\" decoding=\"async\" width=\"1024\" height=\"683\" src=\"http:\/\/myrtilfavre.com\/wp-content\/uploads\/2025\/11\/19A7011_WEB-1024x683.jpg\" alt=\"\" class=\"wp-image-976 size-full\" srcset=\"https:\/\/myrtilfavre.com\/wp-content\/uploads\/2025\/11\/19A7011_WEB-1024x683.jpg 1024w, https:\/\/myrtilfavre.com\/wp-content\/uploads\/2025\/11\/19A7011_WEB-300x200.jpg 300w, https:\/\/myrtilfavre.com\/wp-content\/uploads\/2025\/11\/19A7011_WEB-768x512.jpg 768w, https:\/\/myrtilfavre.com\/wp-content\/uploads\/2025\/11\/19A7011_WEB.jpg 1200w\" sizes=\"auto, (max-width: 1024px) 100vw, 1024px\" \/><\/a><\/figure><div class=\"wp-block-media-text__content\">\n<p>Nouchka<\/p>\n\n\n\n<blockquote class=\"wp-block-quote is-layout-flow wp-block-quote-is-layout-flow\">\n<p>&#8220;Si on ne peut pas changer la vie, on peut changer le regard qu&#8217;on a sur elle&#8221; <strong>Neztoiles<\/strong><\/p>\n<\/blockquote>\n<\/div><\/div>\n\n\n\n<figure class=\"wp-block-gallery has-nested-images columns-default is-cropped wp-block-gallery-4 is-layout-flex wp-block-gallery-is-layout-flex\">\n<figure class=\"wp-block-image size-large\"><img loading=\"lazy\" decoding=\"async\" width=\"977\" height=\"1024\" data-id=\"563\" src=\"https:\/\/myrtilfavre.com\/wp-content\/uploads\/2021\/09\/IMG_3105-977x1024.jpg\" alt=\"\" class=\"wp-image-563\" srcset=\"https:\/\/myrtilfavre.com\/wp-content\/uploads\/2021\/09\/IMG_3105-977x1024.jpg 977w, https:\/\/myrtilfavre.com\/wp-content\/uploads\/2021\/09\/IMG_3105-286x300.jpg 286w, https:\/\/myrtilfavre.com\/wp-content\/uploads\/2021\/09\/IMG_3105-768x805.jpg 768w, https:\/\/myrtilfavre.com\/wp-content\/uploads\/2021\/09\/IMG_3105-1466x1536.jpg 1466w, https:\/\/myrtilfavre.com\/wp-content\/uploads\/2021\/09\/IMG_3105-1955x2048.jpg 1955w, https:\/\/myrtilfavre.com\/wp-content\/uploads\/2021\/09\/IMG_3105-1568x1643.jpg 1568w\" sizes=\"auto, (max-width: 977px) 100vw, 977px\" \/><figcaption class=\"wp-element-caption\">Le sein, 2020<\/figcaption><\/figure>\n\n\n\n<figure class=\"wp-block-image size-large\"><img loading=\"lazy\" decoding=\"async\" width=\"731\" height=\"1024\" data-id=\"568\" src=\"https:\/\/myrtilfavre.com\/wp-content\/uploads\/2021\/09\/IMG_3178-731x1024.jpg\" alt=\"\" class=\"wp-image-568\" srcset=\"https:\/\/myrtilfavre.com\/wp-content\/uploads\/2021\/09\/IMG_3178-731x1024.jpg 731w, https:\/\/myrtilfavre.com\/wp-content\/uploads\/2021\/09\/IMG_3178-214x300.jpg 214w, https:\/\/myrtilfavre.com\/wp-content\/uploads\/2021\/09\/IMG_3178-768x1076.jpg 768w, https:\/\/myrtilfavre.com\/wp-content\/uploads\/2021\/09\/IMG_3178-1096x1536.jpg 1096w, https:\/\/myrtilfavre.com\/wp-content\/uploads\/2021\/09\/IMG_3178-1461x2048.jpg 1461w, https:\/\/myrtilfavre.com\/wp-content\/uploads\/2021\/09\/IMG_3178-1568x2197.jpg 1568w, https:\/\/myrtilfavre.com\/wp-content\/uploads\/2021\/09\/IMG_3178-scaled.jpg 1827w\" sizes=\"auto, (max-width: 731px) 100vw, 731px\" \/><figcaption class=\"wp-element-caption\">L&#8217;aube et nos rires se r\u00e9veillent, 2021<\/figcaption><\/figure>\n\n\n\n<figure class=\"wp-block-image size-large\"><img loading=\"lazy\" decoding=\"async\" width=\"1024\" height=\"1019\" data-id=\"562\" src=\"https:\/\/myrtilfavre.com\/wp-content\/uploads\/2021\/09\/IMG_3092-1024x1019.jpg\" alt=\"\" class=\"wp-image-562\" srcset=\"https:\/\/myrtilfavre.com\/wp-content\/uploads\/2021\/09\/IMG_3092-1024x1019.jpg 1024w, https:\/\/myrtilfavre.com\/wp-content\/uploads\/2021\/09\/IMG_3092-300x298.jpg 300w, https:\/\/myrtilfavre.com\/wp-content\/uploads\/2021\/09\/IMG_3092-150x150.jpg 150w, https:\/\/myrtilfavre.com\/wp-content\/uploads\/2021\/09\/IMG_3092-768x764.jpg 768w, https:\/\/myrtilfavre.com\/wp-content\/uploads\/2021\/09\/IMG_3092-1536x1528.jpg 1536w, https:\/\/myrtilfavre.com\/wp-content\/uploads\/2021\/09\/IMG_3092-2048x2037.jpg 2048w, https:\/\/myrtilfavre.com\/wp-content\/uploads\/2021\/09\/IMG_3092-1568x1560.jpg 1568w\" sizes=\"auto, (max-width: 1024px) 100vw, 1024px\" \/><figcaption class=\"wp-element-caption\">La chute est un envol, 2017<\/figcaption><\/figure>\n\n\n\n<figure class=\"wp-block-image size-large\"><img loading=\"lazy\" decoding=\"async\" width=\"1024\" height=\"740\" data-id=\"567\" src=\"https:\/\/myrtilfavre.com\/wp-content\/uploads\/2021\/09\/IMG_3170-1024x740.jpg\" alt=\"\" class=\"wp-image-567\" srcset=\"https:\/\/myrtilfavre.com\/wp-content\/uploads\/2021\/09\/IMG_3170-1024x740.jpg 1024w, https:\/\/myrtilfavre.com\/wp-content\/uploads\/2021\/09\/IMG_3170-300x217.jpg 300w, https:\/\/myrtilfavre.com\/wp-content\/uploads\/2021\/09\/IMG_3170-768x555.jpg 768w, https:\/\/myrtilfavre.com\/wp-content\/uploads\/2021\/09\/IMG_3170-1536x1109.jpg 1536w, https:\/\/myrtilfavre.com\/wp-content\/uploads\/2021\/09\/IMG_3170-2048x1479.jpg 2048w, https:\/\/myrtilfavre.com\/wp-content\/uploads\/2021\/09\/IMG_3170-1568x1133.jpg 1568w\" sizes=\"auto, (max-width: 1024px) 100vw, 1024px\" \/><figcaption class=\"wp-element-caption\">Laisse tes mains sur mes hanches, 2019<\/figcaption><\/figure>\n\n\n\n<figure class=\"wp-block-image size-large\"><img loading=\"lazy\" decoding=\"async\" width=\"768\" height=\"1024\" data-id=\"722\" src=\"https:\/\/myrtilfavre.com\/wp-content\/uploads\/2021\/09\/IMG_3110-copie-768x1024.jpg\" alt=\"\" class=\"wp-image-722\" srcset=\"https:\/\/myrtilfavre.com\/wp-content\/uploads\/2021\/09\/IMG_3110-copie-768x1024.jpg 768w, https:\/\/myrtilfavre.com\/wp-content\/uploads\/2021\/09\/IMG_3110-copie-225x300.jpg 225w, https:\/\/myrtilfavre.com\/wp-content\/uploads\/2021\/09\/IMG_3110-copie-1152x1536.jpg 1152w, https:\/\/myrtilfavre.com\/wp-content\/uploads\/2021\/09\/IMG_3110-copie-1536x2048.jpg 1536w, https:\/\/myrtilfavre.com\/wp-content\/uploads\/2021\/09\/IMG_3110-copie-scaled.jpg 1920w\" sizes=\"auto, (max-width: 768px) 100vw, 768px\" \/><figcaption class=\"wp-element-caption\">Les immatures, 2018<\/figcaption><\/figure>\n<\/figure>\n\n\n<figure class=\"wp-block-image aligncenter size-large is-resized is-style-rounded\"><a href=\"https:\/\/myrtilfavre.com\/index.php\/petit-sommeil-auto-edition\/\"><img loading=\"lazy\" decoding=\"async\" width=\"373\" height=\"365\" class=\"wp-image-640\" style=\"width: 373px;\" src=\"http:\/\/myrtilfavre.com\/wp-content\/uploads\/2021\/09\/IMG_20210826_153642-1024x1002.jpg\" alt=\"\" srcset=\"https:\/\/myrtilfavre.com\/wp-content\/uploads\/2021\/09\/IMG_20210826_153642-1024x1002.jpg 1024w, https:\/\/myrtilfavre.com\/wp-content\/uploads\/2021\/09\/IMG_20210826_153642-300x293.jpg 300w, https:\/\/myrtilfavre.com\/wp-content\/uploads\/2021\/09\/IMG_20210826_153642-768x751.jpg 768w, https:\/\/myrtilfavre.com\/wp-content\/uploads\/2021\/09\/IMG_20210826_153642-1536x1502.jpg 1536w, https:\/\/myrtilfavre.com\/wp-content\/uploads\/2021\/09\/IMG_20210826_153642-2048x2003.jpg 2048w\" sizes=\"auto, (max-width: 373px) 100vw, 373px\" \/><\/a><\/figure>\n\n\n<h2 class=\"wp-block-heading has-text-align-center\" id=\"block-e7589305-cf29-4930-acaf-fc3c4d7a71e1\">Petit sommeil<\/h2>\n\n\n\n<p class=\"has-text-align-center\" id=\"block-34e809a4-bbf6-4dee-8a21-ce7adeb4c2c8\">Une histoire pour s&#8217;endormir<\/p>\n\n\n\n<p class=\"has-text-align-center\" id=\"block-45c67831-6d8d-4dad-847c-d2e404c4c690\">Album jeunesse auto-\u00e9dit\u00e9 en 2021<\/p>\n\n\n\n<div class=\"wp-block-buttons is-horizontal is-content-justification-center is-layout-flex wp-container-core-buttons-is-layout-499968f5 wp-block-buttons-is-layout-flex\">\n<div class=\"wp-block-button is-style-outline is-style-outline--5\"><a class=\"wp-block-button__link wp-element-button\" href=\"https:\/\/myrtilfavre.com\/index.php\/petit-sommeil-auto-edition\/\">Pour d\u00e9couvrir le livre&#8230;<\/a><\/div>\n<\/div>\n\n\n<div class=\"alignleft wp-block-site-logo\"><a href=\"https:\/\/myrtilfavre.com\/\" class=\"custom-logo-link\" rel=\"home\"><img loading=\"lazy\" decoding=\"async\" width=\"350\" height=\"125\" src=\"https:\/\/myrtilfavre.com\/wp-content\/uploads\/2021\/09\/cropped-Artiste-plasticienne-Art-therapeute-2.png\" class=\"custom-logo\" alt=\"\" srcset=\"https:\/\/myrtilfavre.com\/wp-content\/uploads\/2021\/09\/cropped-Artiste-plasticienne-Art-therapeute-2.png 581w, https:\/\/myrtilfavre.com\/wp-content\/uploads\/2021\/09\/cropped-Artiste-plasticienne-Art-therapeute-2-300x108.png 300w\" sizes=\"auto, (max-width: 350px) 100vw, 350px\" \/><\/a><\/div>","protected":false},"excerpt":{"rendered":"<p>L&#8217;art-th\u00e9rapie &#8220;L&#8217;art est une blessure qui devient lumi\u00e8re.&#8221; Georges Braque Les ateliers d&#8217;arts Il existe en chacun de nous un potentiel de cr\u00e9ation qui ne [&#8230;]<\/p>\n","protected":false},"author":1,"featured_media":0,"parent":0,"menu_order":0,"comment_status":"closed","ping_status":"closed","template":"","meta":{"om_disable_all_campaigns":false,"_monsterinsights_skip_tracking":false,"_monsterinsights_sitenote_active":false,"_monsterinsights_sitenote_note":"","_monsterinsights_sitenote_category":0,"footnotes":""},"class_list":["post-217","page","type-page","status-publish","hentry"],"_links":{"self":[{"href":"https:\/\/myrtilfavre.com\/index.php\/wp-json\/wp\/v2\/pages\/217","targetHints":{"allow":["GET"]}}],"collection":[{"href":"https:\/\/myrtilfavre.com\/index.php\/wp-json\/wp\/v2\/pages"}],"about":[{"href":"https:\/\/myrtilfavre.com\/index.php\/wp-json\/wp\/v2\/types\/page"}],"author":[{"embeddable":true,"href":"https:\/\/myrtilfavre.com\/index.php\/wp-json\/wp\/v2\/users\/1"}],"replies":[{"embeddable":true,"href":"https:\/\/myrtilfavre.com\/index.php\/wp-json\/wp\/v2\/comments?post=217"}],"version-history":[{"count":51,"href":"https:\/\/myrtilfavre.com\/index.php\/wp-json\/wp\/v2\/pages\/217\/revisions"}],"predecessor-version":[{"id":1035,"href":"https:\/\/myrtilfavre.com\/index.php\/wp-json\/wp\/v2\/pages\/217\/revisions\/1035"}],"wp:attachment":[{"href":"https:\/\/myrtilfavre.com\/index.php\/wp-json\/wp\/v2\/media?parent=217"}],"curies":[{"name":"wp","href":"https:\/\/api.w.org\/{rel}","templated":true}]}}