{"id":218,"date":"2020-05-12T03:43:04","date_gmt":"2020-05-12T03:43:04","guid":{"rendered":"http:\/\/myrtilfavre.com\/index.php\/about\/"},"modified":"2025-11-24T14:00:39","modified_gmt":"2025-11-24T14:00:39","slug":"about","status":"publish","type":"page","link":"https:\/\/myrtilfavre.com\/index.php\/about\/","title":{"rendered":"Qui suis-je?"},"content":{"rendered":"\n<div class=\"wp-block-cover alignfull is-light has-parallax is-repeated\" style=\"min-height:380px;aspect-ratio:unset;\"><div class=\"wp-block-cover__image-background wp-image-570 has-parallax is-repeated\" style=\"background-position:41% 78%;background-image:url(http:\/\/myrtilfavre.com\/wp-content\/uploads\/2021\/09\/IMG_3252-scaled.jpg)\"><\/div><span aria-hidden=\"true\" class=\"wp-block-cover__background has-ast-global-color-1-background-color has-background-dim-10 has-background-dim\"><\/span><div class=\"wp-block-cover__inner-container is-layout-flow wp-block-cover-is-layout-flow\">\n<h1 class=\"wp-block-heading has-text-align-center has-white-color has-text-color\">Qui suis-je?\u200b<\/h1>\n<\/div><\/div>\n\n\n\n<div class=\"wp-block-group alignfull\"><div class=\"wp-block-group__inner-container is-layout-flow wp-block-group-is-layout-flow\">\n<div class=\"wp-block-columns is-layout-flex wp-container-core-columns-is-layout-9d6595d7 wp-block-columns-is-layout-flex\">\n<div class=\"wp-block-column is-layout-flow wp-block-column-is-layout-flow\">\n<p><\/p>\n\n\n\n<div class=\"wp-block-media-text alignwide is-stacked-on-mobile\"><figure class=\"wp-block-media-text__media\"><img loading=\"lazy\" decoding=\"async\" width=\"829\" height=\"770\" src=\"http:\/\/myrtilfavre.com\/wp-content\/uploads\/2021\/09\/IMG_1319.jpg\" alt=\"\" class=\"wp-image-614 size-full\" srcset=\"https:\/\/myrtilfavre.com\/wp-content\/uploads\/2021\/09\/IMG_1319.jpg 829w, https:\/\/myrtilfavre.com\/wp-content\/uploads\/2021\/09\/IMG_1319-300x279.jpg 300w, https:\/\/myrtilfavre.com\/wp-content\/uploads\/2021\/09\/IMG_1319-768x713.jpg 768w\" sizes=\"auto, (max-width: 829px) 100vw, 829px\" \/><\/figure><div class=\"wp-block-media-text__content\">\n<p class=\"has-small-font-size\"><strong>D\u2019origine Lyonnaise et<\/strong><strong>&nbsp;&nbsp;<\/strong><strong>dipl\u00f4m\u00e9e de l\u2019Ecole nationale Sup\u00e9rieure des Beaux Arts de Saint Etienne, je vis dans le golfe de Saint Tropez, depuis plus de 20 ans.<\/strong><strong><\/strong><\/p>\n\n\n\n<p class=\"has-text-align-left has-small-font-size\"><strong>Depuis 2016 je suis \u00e9galement art-th\u00e9rapeute, un m\u00e9tier passion qui met la cr\u00e9ativit\u00e9 au centre d&#8217;un processus de gu\u00e9rison.<\/strong><\/p>\n\n\n\n<p class=\"has-small-font-size\"><strong>En 2021, j&#8217;ai \u00e9galement \u00e9crit, illustr\u00e9 et auto-\u00e9dit\u00e9 un album jeunesse,\u00a0<em>Petit sommeil<\/em>.<\/strong><\/p>\n<\/div><\/div>\n\n\n\n<div class=\"wp-block-media-text alignfull has-media-on-the-right is-stacked-on-mobile is-vertically-aligned-center\" style=\"grid-template-columns:auto 44%\"><div class=\"wp-block-media-text__content\">\n<p class=\"has-small-font-size\"><strong>Fabricante d&#8217;images, J&#8217;exprime mon monde int\u00e9rieur dans le vaste champ des arts plastiques : le dessin, la peinture, les techniques mixtes, le volume, le collage, ou la po\u00e9sie.<\/strong><\/p>\n\n\n\n<p class=\"has-small-font-size\"><strong>Mes multiples moyens d\u2019expressions<\/strong><strong>&nbsp;&nbsp;<\/strong><strong>transportent dans un univers onirique, spontan\u00e9 et profond\u00e9ment optimiste<\/strong><\/p>\n\n\n\n<p class=\"has-small-font-size\"><strong>Il est parfois difficile de dire ce qui nous habite vraiment, sans le travestir avec le langage.<\/strong><\/p>\n\n\n\n<p class=\"has-small-font-size\"><strong>Les images que je cr\u00e9e racontent des anecdotes, elles donnent une voie d&#8217;acc\u00e8s directe \u00e0<\/strong><strong>\u00a0<\/strong><strong>l&#8217;\u00e9motion, \u00e0 l&#8217;imaginaire, \u00e0 l&#8217;intime&#8230; On y rencontre notre identit\u00e9 et notre singularit\u00e9.<\/strong><\/p>\n<\/div><figure class=\"wp-block-media-text__media\"><img loading=\"lazy\" decoding=\"async\" width=\"886\" height=\"1024\" src=\"https:\/\/myrtilfavre.com\/wp-content\/uploads\/2021\/11\/IMG_6845-1-886x1024.png\" alt=\"\" class=\"wp-image-845 size-full\" srcset=\"https:\/\/myrtilfavre.com\/wp-content\/uploads\/2021\/11\/IMG_6845-1-886x1024.png 886w, https:\/\/myrtilfavre.com\/wp-content\/uploads\/2021\/11\/IMG_6845-1-260x300.png 260w, https:\/\/myrtilfavre.com\/wp-content\/uploads\/2021\/11\/IMG_6845-1-768x888.png 768w, https:\/\/myrtilfavre.com\/wp-content\/uploads\/2021\/11\/IMG_6845-1-1329x1536.png 1329w, https:\/\/myrtilfavre.com\/wp-content\/uploads\/2021\/11\/IMG_6845-1.png 1707w\" sizes=\"auto, (max-width: 886px) 100vw, 886px\" \/><\/figure><\/div>\n\n\n\n<div class=\"wp-block-buttons is-layout-flex wp-block-buttons-is-layout-flex\">\n<div class=\"wp-block-button is-style-outline is-style-outline--1\"><a class=\"wp-block-button__link wp-element-button\" href=\"http:\/\/www.arttherapiemyrtilfavre.fr\" target=\"_blank\" rel=\"noreferrer noopener\">L&#8217;art-th\u00e9rapie, c&#8217;est quoi?<\/a><\/div>\n<\/div>\n\n\n\n<p><\/p>\n<\/div>\n<\/div>\n<\/div><\/div>\n\n\n\n<div class=\"wp-block-group alignfull has-background\" style=\"background-color:#f0f0f0\"><div class=\"wp-block-group__inner-container is-layout-flow wp-block-group-is-layout-flow\">\n<div class=\"wp-block-columns is-layout-flex wp-container-core-columns-is-layout-9d6595d7 wp-block-columns-is-layout-flex\">\n<div class=\"wp-block-column is-vertically-aligned-top is-layout-flow wp-block-column-is-layout-flow\">\n<p>&#8220;<em>L&#8217;art est une blessure qui devient lumi\u00e8re&#8221;<\/em><\/p>\n\n\n\n<h2 class=\"wp-block-heading has-small-font-size\">Georges Braque<\/h2>\n<\/div>\n\n\n\n<div class=\"wp-block-column is-layout-flow wp-block-column-is-layout-flow\">\n<p>&#8220;<em>Pour que quelque chose finisse il faut que quelque chose d&#8217;autre commence. C&#8217;est toujours invisible un commencement.<\/em>&#8220;<\/p>\n\n\n\n<h2 class=\"wp-block-heading has-small-font-size\">Christian Bobin<\/h2>\n<\/div>\n<\/div>\n<\/div><\/div>\n","protected":false},"excerpt":{"rendered":"<p>D\u2019origine Lyonnaise et&nbsp;&nbsp;dipl\u00f4m\u00e9e de l\u2019Ecole nationale Sup\u00e9rieure des Beaux Arts de Saint Etienne, je vis dans le golfe de Saint Tropez, depuis plus de 20 [&#8230;]<\/p>\n","protected":false},"author":1,"featured_media":0,"parent":0,"menu_order":0,"comment_status":"closed","ping_status":"closed","template":"","meta":{"om_disable_all_campaigns":false,"_monsterinsights_skip_tracking":false,"_monsterinsights_sitenote_active":false,"_monsterinsights_sitenote_note":"","_monsterinsights_sitenote_category":0,"footnotes":""},"class_list":["post-218","page","type-page","status-publish","hentry"],"_links":{"self":[{"href":"https:\/\/myrtilfavre.com\/index.php\/wp-json\/wp\/v2\/pages\/218","targetHints":{"allow":["GET"]}}],"collection":[{"href":"https:\/\/myrtilfavre.com\/index.php\/wp-json\/wp\/v2\/pages"}],"about":[{"href":"https:\/\/myrtilfavre.com\/index.php\/wp-json\/wp\/v2\/types\/page"}],"author":[{"embeddable":true,"href":"https:\/\/myrtilfavre.com\/index.php\/wp-json\/wp\/v2\/users\/1"}],"replies":[{"embeddable":true,"href":"https:\/\/myrtilfavre.com\/index.php\/wp-json\/wp\/v2\/comments?post=218"}],"version-history":[{"count":9,"href":"https:\/\/myrtilfavre.com\/index.php\/wp-json\/wp\/v2\/pages\/218\/revisions"}],"predecessor-version":[{"id":1037,"href":"https:\/\/myrtilfavre.com\/index.php\/wp-json\/wp\/v2\/pages\/218\/revisions\/1037"}],"wp:attachment":[{"href":"https:\/\/myrtilfavre.com\/index.php\/wp-json\/wp\/v2\/media?parent=218"}],"curies":[{"name":"wp","href":"https:\/\/api.w.org\/{rel}","templated":true}]}}

<div class="wp-block-cover alignfull is-light has-parallax is-repeated" style="min-height:380px;aspect-ratio:unset;"><div class="wp-block-cover__image-background wp-image-570 has-parallax is-repeated" style="background-position:41% 78%;background-image:url(http://myrtilfavre.com/wp-content/uploads/2021/09/IMG_3252-scaled.jpg)"></div><span aria-hidden="true" class="wp-block-cover__background has-ast-global-color-1-background-color has-background-dim-10 has-background-dim"></span><div class="wp-block-cover__inner-container is-layout-flow wp-block-cover-is-layout-flow">
<h1 class="wp-block-heading has-text-align-center has-white-color has-text-color">Qui suis-je?​</h1>
</div></div>



<div class="wp-block-group alignfull"><div class="wp-block-group__inner-container is-layout-flow wp-block-group-is-layout-flow">
<div class="wp-block-columns is-layout-flex wp-container-core-columns-is-layout-9d6595d7 wp-block-columns-is-layout-flex">
<div class="wp-block-column is-layout-flow wp-block-column-is-layout-flow">
<p></p>



<div class="wp-block-media-text alignwide is-stacked-on-mobile"><figure class="wp-block-media-text__media"><img loading="lazy" decoding="async" width="829" height="770" src="http://myrtilfavre.com/wp-content/uploads/2021/09/IMG_1319.jpg" alt="" class="wp-image-614 size-full" srcset="https://myrtilfavre.com/wp-content/uploads/2021/09/IMG_1319.jpg 829w, https://myrtilfavre.com/wp-content/uploads/2021/09/IMG_1319-300x279.jpg 300w, https://myrtilfavre.com/wp-content/uploads/2021/09/IMG_1319-768x713.jpg 768w" sizes="auto, (max-width: 829px) 100vw, 829px" /></figure><div class="wp-block-media-text__content">
<p class="has-small-font-size"><strong>D’origine Lyonnaise et</strong><strong>&nbsp;&nbsp;</strong><strong>diplômée de l’Ecole nationale Supérieure des Beaux Arts de Saint Etienne, je vis dans le golfe de Saint Tropez, depuis plus de 20 ans.</strong><strong></strong></p>



<p class="has-text-align-left has-small-font-size"><strong>Depuis 2016 je suis également art-thérapeute, un métier passion qui met la créativité au centre d&#8217;un processus de guérison.</strong></p>



<p class="has-small-font-size"><strong>En 2021, j&#8217;ai également écrit, illustré et auto-édité un album jeunesse, <em>Petit sommeil</em>.</strong></p>
</div></div>



<div class="wp-block-media-text alignfull has-media-on-the-right is-stacked-on-mobile is-vertically-aligned-center" style="grid-template-columns:auto 44%"><div class="wp-block-media-text__content">
<p class="has-small-font-size"><strong>Fabricante d&#8217;images, J&#8217;exprime mon monde intérieur dans le vaste champ des arts plastiques : le dessin, la peinture, les techniques mixtes, le volume, le collage, ou la poésie.</strong></p>



<p class="has-small-font-size"><strong>Mes multiples moyens d’expressions</strong><strong>&nbsp;&nbsp;</strong><strong>transportent dans un univers onirique, spontané et profondément optimiste</strong></p>



<p class="has-small-font-size"><strong>Il est parfois difficile de dire ce qui nous habite vraiment, sans le travestir avec le langage.</strong></p>



<p class="has-small-font-size"><strong>Les images que je crée racontent des anecdotes, elles donnent une voie d&#8217;accès directe à</strong><strong> </strong><strong>l&#8217;émotion, à l&#8217;imaginaire, à l&#8217;intime&#8230; On y rencontre notre identité et notre singularité.</strong></p>
</div><figure class="wp-block-media-text__media"><img loading="lazy" decoding="async" width="886" height="1024" src="https://myrtilfavre.com/wp-content/uploads/2021/11/IMG_6845-1-886x1024.png" alt="" class="wp-image-845 size-full" srcset="https://myrtilfavre.com/wp-content/uploads/2021/11/IMG_6845-1-886x1024.png 886w, https://myrtilfavre.com/wp-content/uploads/2021/11/IMG_6845-1-260x300.png 260w, https://myrtilfavre.com/wp-content/uploads/2021/11/IMG_6845-1-768x888.png 768w, https://myrtilfavre.com/wp-content/uploads/2021/11/IMG_6845-1-1329x1536.png 1329w, https://myrtilfavre.com/wp-content/uploads/2021/11/IMG_6845-1.png 1707w" sizes="auto, (max-width: 886px) 100vw, 886px" /></figure></div>



<div class="wp-block-buttons is-layout-flex wp-block-buttons-is-layout-flex">
<div class="wp-block-button is-style-outline is-style-outline--1"><a class="wp-block-button__link wp-element-button" href="http://www.arttherapiemyrtilfavre.fr" target="_blank" rel="noreferrer noopener">L&#8217;art-thérapie, c&#8217;est quoi?</a></div>
</div>



<p></p>
</div>
</div>
</div></div>



<div class="wp-block-group alignfull has-background" style="background-color:#f0f0f0"><div class="wp-block-group__inner-container is-layout-flow wp-block-group-is-layout-flow">
<div class="wp-block-columns is-layout-flex wp-container-core-columns-is-layout-9d6595d7 wp-block-columns-is-layout-flex">
<div class="wp-block-column is-vertically-aligned-top is-layout-flow wp-block-column-is-layout-flow">
<p>&#8220;<em>L&#8217;art est une blessure qui devient lumière&#8221;</em></p>



<h2 class="wp-block-heading has-small-font-size">Georges Braque</h2>
</div>



<div class="wp-block-column is-layout-flow wp-block-column-is-layout-flow">
<p>&#8220;<em>Pour que quelque chose finisse il faut que quelque chose d&#8217;autre commence. C&#8217;est toujours invisible un commencement.</em>&#8220;</p>



<h2 class="wp-block-heading has-small-font-size">Christian Bobin</h2>
</div>
</div>
</div></div>

<p>D’origine Lyonnaise et&nbsp;&nbsp;diplômée de l’Ecole nationale Supérieure des Beaux Arts de Saint Etienne, je vis dans le golfe de Saint Tropez, depuis plus de 20 [&#8230;]</p>
