{"id":957,"date":"2025-11-23T11:07:50","date_gmt":"2025-11-23T11:07:50","guid":{"rendered":"https:\/\/myrtilfavre.com\/?page_id=957"},"modified":"2025-11-23T11:07:51","modified_gmt":"2025-11-23T11:07:51","slug":"petit-sommeil-auto-edition","status":"publish","type":"page","link":"https:\/\/myrtilfavre.com\/index.php\/petit-sommeil-auto-edition\/","title":{"rendered":"Petit sommeil &#8211; auto \u00e9dition"},"content":{"rendered":"\n<p id=\"block-4b514f05-71ad-4f63-9362-a4cf6fee738d\">Petit sommeil<\/p>\n\n\n\n<figure class=\"wp-block-image\" id=\"block-4c54791d-7a84-466a-a11d-f08686d9a5e6\"><img decoding=\"async\" src=\"http:\/\/myrtilfavre.com\/wp-content\/uploads\/2021\/09\/IMG_20210826_153642-300x293.jpg\" alt=\"This image has an empty alt attribute; its file name is IMG_20210826_153642-300x293.jpg\"\/><figcaption class=\"wp-element-caption\">dav<\/figcaption><\/figure>\n\n\n\n<p id=\"block-27e38c83-04da-4ae0-bbda-e471900d5ba6\">Album jeunesse auto-\u00e9dit\u00e9<\/p>\n\n\n\n<p>Dossier de presse Petit sommeil<\/p>\n\n\n\n<p id=\"block-801e9cf0-da93-49cf-9ba5-8c77f79046b4\"><em>Ce soir, le petit sommeil de Lili n&#8217;est pas dans son lit, voil\u00e0 qui est emb\u00eatant&#8230;Mais Lili est une aventuri\u00e8re, elle part \u00e0<\/em> <em>sa recherche \u00e0 travers le jardin, et la for\u00eat&#8230;<\/em><\/p>\n\n\n\n<ul id=\"block-46160c1d-7a85-4e88-b2a8-2cecc6022266\" class=\"wp-block-list\">\n<li>14,90 euros en version papier reli\u00e9<\/li>\n\n\n\n<li>6,90 euros version num\u00e9rique<\/li>\n\n\n\n<li>6,90 euros version audio (en collaboration avec R\u00e9gis Monte)<\/li>\n<\/ul>\n\n\n\n<p>Extrait du livre audio Petit sommeil<\/p>\n\n\n\n<p id=\"block-55ea00dc-e9ea-4704-af8f-d791e0787f26\">O\u00f9 le trouver ?!!!<\/p>\n\n\n\n<p id=\"block-2cab2bfd-081e-42c2-8912-4b554a3df5f2\">Points de vente:<\/p>\n\n\n\n<ul id=\"block-24d78067-fea8-4283-94d3-bed271887946\" class=\"wp-block-list\">\n<li>Librairie Cave de Maurin, Rayol Canadel.<\/li>\n\n\n\n<li>Librairie de Cogolin, Cogolin<\/li>\n\n\n\n<li><a href=\"https:\/\/m.facebook.com\/ledressingdoscar\/?locale2=fr_FR\">Le dressing d&#8217;oscar<\/a>, Cavalaire<\/li>\n\n\n\n<li>Librairie Lo Pais, Draguignan<\/li>\n\n\n\n<li>Librairie du jardin du Rayol<\/li>\n<\/ul>\n\n\n\n<p id=\"block-a9e57e34-e9ae-4c72-a6d7-bd218804f75c\">D\u00e9dicaces<\/p>\n\n\n\n<ul id=\"block-d7400572-f2b5-4d7b-b115-ea0d03128fcb\" class=\"wp-block-list\">\n<li>Espace culturel Leclerc, Cogolin, le 2 octobre 2021<\/li>\n\n\n\n<li>La soupe de l&#8217;espace, Hy\u00e8res, Le 30 octobre 2021<\/li>\n\n\n\n<li>Biblioth\u00e8que de La Croix Valmer, d\u00e9dicace et atelier 28 novembre 2021<\/li>\n\n\n\n<li>Biblioth\u00e8que jeunesse St Tropez, d\u00e9dicace et atelier 17 novembre 2021<\/li>\n<\/ul>\n\n\n\n<p id=\"block-03ce4994-b816-4dcd-aacc-fd46c1b5143a\"><\/p>\n\n\n\n<ul id=\"block-45c4eaa5-a909-4fbd-a3ff-7f6ebbad729b\" class=\"wp-block-list\">\n<li>Ma boutique Etsy: <a href=\"https:\/\/www.etsy.com\/your\/shops\/AtelierdeMyrtil\/tools\/listings\" target=\"_blank\" rel=\"noreferrer noopener\">AtelierdeMyrtil<\/a><\/li>\n\n\n\n<li>Amazon format kindle: <a href=\"https:\/\/www.amazon.fr\/Petit-Sommeil-histoire-pour-sendormir-ebook\/dp\/B09FK9WSFR\/ref=sr_1_26?__mk_fr_FR=%C3%85M%C3%85%C5%BD%C3%95%C3%91&amp;dchild=1&amp;keywords=petit+sommeil&amp;qid=1631865787&amp;sr=8-26\" target=\"_blank\" rel=\"noreferrer noopener\">Petit sommeil<\/a><\/li>\n<\/ul>\n\n\n\n<p id=\"block-4d52233e-9602-4701-9fd7-78648a467ec9\">Dossier de presse<\/p>\n\n\n\n<p>En direct avec moi<\/p>\n\n\n\n<figure class=\"wp-block-gallery has-nested-images columns-default is-cropped wp-block-gallery-1 is-layout-flex wp-block-gallery-is-layout-flex\">\n<figure class=\"wp-block-image size-large\"><img loading=\"lazy\" decoding=\"async\" width=\"1024\" height=\"859\" data-id=\"643\" src=\"https:\/\/myrtilfavre.com\/wp-content\/uploads\/2021\/09\/Petit-sommeil-numerique-livre-3_page-0001-1024x859.jpg\" alt=\"\" class=\"wp-image-643\" srcset=\"https:\/\/myrtilfavre.com\/wp-content\/uploads\/2021\/09\/Petit-sommeil-numerique-livre-3_page-0001-1024x859.jpg 1024w, https:\/\/myrtilfavre.com\/wp-content\/uploads\/2021\/09\/Petit-sommeil-numerique-livre-3_page-0001-300x252.jpg 300w, https:\/\/myrtilfavre.com\/wp-content\/uploads\/2021\/09\/Petit-sommeil-numerique-livre-3_page-0001-768x644.jpg 768w, https:\/\/myrtilfavre.com\/wp-content\/uploads\/2021\/09\/Petit-sommeil-numerique-livre-3_page-0001.jpg 1469w\" sizes=\"auto, (max-width: 1024px) 100vw, 1024px\" \/><\/figure>\n\n\n\n<figure class=\"wp-block-image size-large\"><img loading=\"lazy\" decoding=\"async\" width=\"1024\" height=\"859\" data-id=\"644\" src=\"https:\/\/myrtilfavre.com\/wp-content\/uploads\/2021\/09\/Petit-sommeil-numerique-livre-6_page-0001-1024x859.jpg\" alt=\"\" class=\"wp-image-644\" srcset=\"https:\/\/myrtilfavre.com\/wp-content\/uploads\/2021\/09\/Petit-sommeil-numerique-livre-6_page-0001-1024x859.jpg 1024w, https:\/\/myrtilfavre.com\/wp-content\/uploads\/2021\/09\/Petit-sommeil-numerique-livre-6_page-0001-300x252.jpg 300w, https:\/\/myrtilfavre.com\/wp-content\/uploads\/2021\/09\/Petit-sommeil-numerique-livre-6_page-0001-768x644.jpg 768w, https:\/\/myrtilfavre.com\/wp-content\/uploads\/2021\/09\/Petit-sommeil-numerique-livre-6_page-0001.jpg 1469w\" sizes=\"auto, (max-width: 1024px) 100vw, 1024px\" \/><\/figure>\n\n\n\n<figure class=\"wp-block-image size-large\"><img loading=\"lazy\" decoding=\"async\" width=\"1024\" height=\"859\" data-id=\"646\" src=\"https:\/\/myrtilfavre.com\/wp-content\/uploads\/2021\/09\/Petit-sommeil-numerique-livre-16_page-0001-1024x859.jpg\" alt=\"\" class=\"wp-image-646\" srcset=\"https:\/\/myrtilfavre.com\/wp-content\/uploads\/2021\/09\/Petit-sommeil-numerique-livre-16_page-0001-1024x859.jpg 1024w, https:\/\/myrtilfavre.com\/wp-content\/uploads\/2021\/09\/Petit-sommeil-numerique-livre-16_page-0001-300x252.jpg 300w, https:\/\/myrtilfavre.com\/wp-content\/uploads\/2021\/09\/Petit-sommeil-numerique-livre-16_page-0001-768x644.jpg 768w, https:\/\/myrtilfavre.com\/wp-content\/uploads\/2021\/09\/Petit-sommeil-numerique-livre-16_page-0001.jpg 1469w\" sizes=\"auto, (max-width: 1024px) 100vw, 1024px\" \/><\/figure>\n\n\n\n<figure class=\"wp-block-image size-large\"><img loading=\"lazy\" decoding=\"async\" width=\"1024\" height=\"859\" data-id=\"645\" src=\"https:\/\/myrtilfavre.com\/wp-content\/uploads\/2021\/09\/Petit-sommeil-numerique-livre-24_page-0001-1024x859.jpg\" alt=\"\" class=\"wp-image-645\" srcset=\"https:\/\/myrtilfavre.com\/wp-content\/uploads\/2021\/09\/Petit-sommeil-numerique-livre-24_page-0001-1024x859.jpg 1024w, https:\/\/myrtilfavre.com\/wp-content\/uploads\/2021\/09\/Petit-sommeil-numerique-livre-24_page-0001-300x252.jpg 300w, https:\/\/myrtilfavre.com\/wp-content\/uploads\/2021\/09\/Petit-sommeil-numerique-livre-24_page-0001-768x644.jpg 768w, https:\/\/myrtilfavre.com\/wp-content\/uploads\/2021\/09\/Petit-sommeil-numerique-livre-24_page-0001.jpg 1469w\" sizes=\"auto, (max-width: 1024px) 100vw, 1024px\" \/><\/figure>\n<\/figure>\n","protected":false},"excerpt":{"rendered":"<p>Petit sommeil Album jeunesse auto-\u00e9dit\u00e9 Dossier de presse Petit sommeil Ce soir, le petit sommeil de Lili n&#8217;est pas dans son lit, voil\u00e0 qui est [&#8230;]<\/p>\n","protected":false},"author":1,"featured_media":0,"parent":0,"menu_order":0,"comment_status":"closed","ping_status":"closed","template":"","meta":{"om_disable_all_campaigns":false,"_monsterinsights_skip_tracking":false,"_monsterinsights_sitenote_active":false,"_monsterinsights_sitenote_note":"","_monsterinsights_sitenote_category":0,"footnotes":""},"class_list":["post-957","page","type-page","status-publish","hentry"],"_links":{"self":[{"href":"https:\/\/myrtilfavre.com\/index.php\/wp-json\/wp\/v2\/pages\/957","targetHints":{"allow":["GET"]}}],"collection":[{"href":"https:\/\/myrtilfavre.com\/index.php\/wp-json\/wp\/v2\/pages"}],"about":[{"href":"https:\/\/myrtilfavre.com\/index.php\/wp-json\/wp\/v2\/types\/page"}],"author":[{"embeddable":true,"href":"https:\/\/myrtilfavre.com\/index.php\/wp-json\/wp\/v2\/users\/1"}],"replies":[{"embeddable":true,"href":"https:\/\/myrtilfavre.com\/index.php\/wp-json\/wp\/v2\/comments?post=957"}],"version-history":[{"count":4,"href":"https:\/\/myrtilfavre.com\/index.php\/wp-json\/wp\/v2\/pages\/957\/revisions"}],"predecessor-version":[{"id":973,"href":"https:\/\/myrtilfavre.com\/index.php\/wp-json\/wp\/v2\/pages\/957\/revisions\/973"}],"wp:attachment":[{"href":"https:\/\/myrtilfavre.com\/index.php\/wp-json\/wp\/v2\/media?parent=957"}],"curies":[{"name":"wp","href":"https:\/\/api.w.org\/{rel}","templated":true}]}}